 10 = -2*c - 3*c. Give i(c).
6
Let h = 57 + -55. Let w(m) = -19*m**3 - 21*m**3 + 6*m + 41*m**3 - 2 - 7*m**h. Give w(6).
-2
Suppose -12*d + 14*d + 5*m = 0, -5*d - 23 = m. Let r(b) = b**3 + 4*b**2 - 2*b + 6. Determine r(d).
-9
Let f(r) be the third derivative of -r**6/120 - 3*r**5/20 - r**4/3 - 5*r**2. Let o be f(-8). Let n(v) = -v**2 + o + 0*v**2 + 8 + 5*v. Determine n(6).
2
Let u(w) = w + 2*w - 4*w - 9. Let y be u(-12). Let s be -3 + -1 - (y - 6). Let q(v) = 11*v + 1. Determine q(s).
-10
Let l(h) = -19*h + 5 - 17*h - 22*h + 66*h. Give l(-2).
-11
Let l(s) be the second derivative of -3*s**5/20 + s**4/4 - s**3/3 + s**2/2 + 180*s. What is l(2)?
-15
Let x(c) be the third derivative of c**5/15 + c**4/24 + c**3/6 + 24*c**2 + 2. Give x(-1).
4
Let t(f) = -3*f - 25. Let z be t(-9). Let i(d) = -14*d - 14*d + 3*d**z - d**3 + 4 + 29*d. Give i(4).
-8
Let b(l) = l - 12564 - 4*l + 12589. Give b(9).
-2
Let u(b) be the first derivative of b**4/4 + 5*b**3/3 - 2*b**2 + 6*b + 200. Let m = -5 - 1. Let q(i) = i**3 + 7*i**2 + 8*i + 6. Let r be q(m). What is u(r)?
-6
Let g(h) = -2*h**2 - 8*h + 8. Let a(c) = -c - 5. Let b(p) = 3*p + 13. Let i(x) = -8*a(x) - 3*b(x). Let u(s) = -g(s) + 6*i(s). Let w = 2 + -5. Calculate u(w).
10
Let r(t) be the first derivative of -5*t**2 - t - 8. Determine r(-2).
19
Let o(z) = 3 - 2*z + 6 + 3. Suppose 37*y - 215 - 81 = 0. Calculate o(y).
-4
Let m(v) be the first derivative of -3*v**4/4 + v**3/3 + 5*v**2/2 - 3*v + 403. Determine m(3).
-60
Suppose 15 = 5*q - 0*k + k, 4*k = -4*q - 4. Let t(u) = 0*u - u + q - 2. Let m(f) = -6*f + 21. Let h be m(3). Give t(h).
-1
Suppose 0 = -5*v - 2*m + m - 7, 14 = -4*v - 5*m. Let h(k) = k**2 + k + 3. Let n be h(0). Let t(j) = -5 + 2*j + 1 + n. Calculate t(v).
-3
Let t = 8 - 15. Let x be 1 + (-3 - (-8)/(-4)). Let u = t - x. Let m(r) = r**3 + 3*r**2 + r + 1. Calculate m(u).
-2
Let v(d) be the third derivative of d**5/20 + d**4/24 + 2*d**2. Suppose 0 = -0*m - 3*m - 15. Let l be (1 + -5)*m/(-20). Determine v(l).
2
Let w(z) = z**3 - 8*z**2 + 6*z + 3. Let q(u) = 2*u**2 + 15*u - 20. Let v be q(-9). Calculate w(v).
-4
Let o be (-4 + 17)*(0 + 2). Suppose 2 = t + 2*c - 3, 0 = -4*t - 5*c + o. Let b(f) = -2*f - t + 7 + 3. What is b(2)?
-3
Let p(n) = 7 + 71*n**2 - 3 + 4*n - 64*n**2 + n**3. Suppose 0 = 2*x - x + 6. Determine p(x).
16
Let c(o) = -16*o + 11*o + 4*o + 10. Let b be c(8). Let x(u) = 1 - 10*u + u - b. Give x(-1).
8
Let v(b) = -5*b + 2. Let p(g) = -15*g + 4. Let t(o) = 2*p(o) - 7*v(o). Give t(4).
14
Let k be (-1)/5 - -58*(-5)/50. Let f(u) = -u - 1. Let i(z) = z + 8. Let c(s) = 2*s + 12. Let n(g) = 5*c(g) - 7*i(g). Let m(t) = 2*f(t) + n(t). Give m(k).
-4
Let o(z) = 2*z - 1. Let d be o(1). Let k(p) = -8 + 2 + d - 2*p. Determine k(-6).
7
Suppose -24 = -v - 0. Suppose 3*n = -2*t - v, -t - 2*t + n - 58 = 0. Let m be 40/6*t/(-15). Let r(x) = -x + 1. Calculate r(m).
-7
Let u(l) = -l**3 + 4*l**2 - 4*l + 5. Let t = 29 - 15. Suppose 19 = 5*b + 9. Suppose 3*k = -b + t. Give u(k).
-11
Let h(j) be the first derivative of -j**4/4 + 7*j**3/3 - 7*j**2/2 + 6*j - 1. Let b(z) = 5*z**2 + 2*z - 1. Let g be b(1). What is h(g)?
0
Let o(z) = -z - z**3 + 14 - 9*z**2 + 9*z**2 + z**2. Suppose 0 = 2*g - 8*g. Calculate o(g).
14
Let x(s) = -4*s**2 + 4*s + 5*s**2 + 5 - 9*s. Let u be (-2)/3 + (-119)/(-21). Suppose -1 = q - u. What is x(q)?
1
Let w(d) = -2*d**2 - d. Let g be -6*(-1 - 2/(-6)). Suppose k = x + 2 + 2, -2*x - 10 = -g*k. Suppose k = -2*a - 1. Determine w(a).
-1
Let m(d) = -d**2 + 1. Let l = -474 - -474. Calculate m(l).
1
Let o be (-2)/1*(-1)/1. Let j(q) be the first derivative of 0*q + o - 9 + 0 + q**2 - 3*q. Determine j(4).
5
Suppose 4*x = -w + 12, w = 4*w - 5*x + 32. Let l(z) be the first derivative of -z**4/4 - 5*z**3/3 - 2*z**2 - 5*z + 19. Determine l(w).
-5
Let y be 1*(-14)/(-2) + -2. Let u(x) be the second derivative of -x**4/12 + 2*x**3/3 + 3*x**2 - 3*x + 50. What is u(y)?
1
Let a be 2 + -6 + (-18)/(-24)*12. Let g(l) = 2*l**3 - 10*l**2 + 4*l - 5. What is g(a)?
15
Suppose 5*b = 20, 0 = -l - 5*b + 18. Let w(k) = 14*k - 9. Let a(m) = 13*m - 6. Let o(j) = 4*a(j) - 3*w(j). Calculate o(l).
-17
Let r be (-30)/(-18)*(-3)/(-1). Suppose t = r*t. Suppose -11 = 2*u - 5*z, 0 = -4*u - t*z + z + 5. Let c(v) = -v**3 + 2*v**2 - 3*v + 1. Give c(u).
-5
Let x(w) be the second derivative of -w**4/12 + 2*w**3/3 - 2*w**2 - 5*w. Let a(l) = 6*l - 6. Let d be a(-7). Let g = d - -52. What is x(g)?
-4
Let b(v) = -6*v + 5. Let i(x) = 7*x - 5. Let y(z) = -6*b(z) - 5*i(z). Let j be 6 - 5/25*5. Calculate y(j).
0
Let g(w) = -w**3 - 2*w**2 - 3*w - 3. Suppose 0 = 6*z - 178 + 190. Give g(z).
3
Let q(b) be the third derivative of -b**6/120 - b**5/12 - b**4/6 - b**3/3 - 603*b**2. Let k(r) = r**3 - 2*r + 4 - 6*r**2 + 0*r**3 + 5. Let f be k(6). Give q(f).
-8
Let t(f) = -37*f - 49 + 23*f + 8*f. Give t(-7).
-7
Suppose 8*l = 79 - 119. Let y(a) = -a + 2. Give y(l).
7
Suppose -9*z + 46 = -17. Let p(f) be the first derivative of f**2 - 8*f - 5. What is p(z)?
6
Let m(d) be the second derivative of -d**5/20 + d**4/3 + d**3/2 - 3*d**2/2 + 9*d - 1. Determine m(4).
9
Let j(z) = -z + 1. Let d(s) = -5*s + 5. Let k(l) = -d(l) + 4*j(l). Suppose -5*f - 8 = 3*c + 12, -14 = 2*f. Calculate k(c).
4
Let f(l) be the first derivative of -l**4/12 - 3*l**3/2 - 9*l**2/2 + 31*l + 20. Let z(v) be the first derivative of f(v). Determine z(-8).
-1
Let o(y) be the first derivative of -y**4/4 + 11*y**3/3 - 9*y**2 - 5*y - 120. Give o(9).
-5
Let c(z) be the third derivative of -z**4/8 - 5*z**3/3 - 27*z**2. What is c(-4)?
2
Let u = 8 + -7. Let t(y) be the first derivative of 9*y**2/2 - y - 36. What is t(u)?
8
Let b(u) = u**2 - 4*u - 3. Suppose 4*t = -5*y - 0*t + 171, -4*t + 140 = 4*y. Let c = y - 27. Calculate b(c).
-3
Let l(p) = p**3 + 9*p**2 - 12*p - 24. Let c = 1489 - 1499. Determine l(c).
-4
Let w(z) be the first derivative of -5/2*z**2 + 8*z + 1/3*z**3 - 7. Give w(6).
14
Let y(z) = z + 8. Let j = 10 - 8. Let i be ((-2)/j)/(1/5). Determine y(i).
3
Let i(x) be the third derivative of 0 + 0*x + 19*x**2 + 0*x**3 + 1/8*x**4. What is i(1)?
3
Let u(v) = -v**3 - 3*v**2 + 4*v + 4. Let i be u(-3). Let f(x) = -x - 6. Determine f(i).
2
Suppose -2*u = -4*u + 6. Let c(h) = 2*h + 12. Let x be c(-6). Let y(z) = 3 + 3*z + x*z**2 + z**2 - 7*z. Give y(u).
0
Let u(z) = 18 - 4*z**2 - 15 - 3*z**3 + z**3 + z**3. Determine u(-4).
3
Let k(i) = 4*i + 17. Let x(l) = -5*l - 18. Let p(f) = 3*k(f) + 2*x(f). Calculate p(-12).
-9
Let m(d) = 2*d**2 + 21*d - 1. Suppose 3*s = 4*s - 4*o + 27, 0 = 5*s - 4*o + 71. Determine m(s).
10
Let k(l) = l - 3 + 4 + 590*l**3 + 7*l**2 - 2*l**2 - 572*l**3 - 4*l**2. What is k(-1)?
-17
Let n(o) = o**2 + 4*o - 5. Let p(z) = z**2 - 10 + 8*z - z**2 + 2*z**2 + 0*z**2. Let k(l) = 9*n(l) - 4*p(l). Determine k(-5).
0
Let h(a) = -a + 9. Let z(f) = 3*f - 34. Let w(s) = -22*h(s) - 6*z(s). Give w(-3).
-6
Let k(g) = 3 - 3 + 2*g - 11. Determine k(10).
9
Let i = 1500 - 1503. Let s(k) = -7*k - 17. What is s(i)?
4
Let z be (2/3)/(4/282). Let k = z + -42. Let m(u) = -u**3 + 5*u**2 - u + 7. Determine m(k).
2
Suppose -3*v = 3*a - 27, 4*a + v - 24 = -0*v. Let p(z) = -z - a*z - 4 + 5*z - z**2 + 4*z. Calculate p(3).
-4
Let d(w) be the third derivative of -w**5/60 - w**4/4 - w**3/6 - 100*w**2. Calculate d(-2).
7
Let h(l) be the third derivative of -l**5/60 + l**4/3 + 13*l**3/6 - 84*l**2. Determine h(9).
4
Let v(r) be the second derivative of -2*r + 1/6*r**3 - r**2 + 5. What is v(8)?
6
Let d(l) = -5*l + 3. Let m be d(-4). Suppose m = -3*k + 4*k. Let w(n) = -1 + 0 + k*n**2 - 21*n**2. Determine w(1).
1
Let x = 22 + -21. Suppose -12 = -3*u - 6. Let a(k) = -2*k**2 - 5*k**2 + 8*k**2 + 1 + 6*k**u. What is a(x)?
8
Suppose 0 = -5*q - 2 - 13. Let d(y) = -y**2 + 1. Let g(t) = -4*t - 1. Let i(p) = -d(p) - g(p). Determine i(q).
-3
Suppose -r = 4*r + 65. Let c = -19 - r. Let u(j) = -j**3 - 6*j**2 - 2*j - 6. What is u(c)?
6
Let f be ((-3)/6)/(1/12). Let i(q) be the second derivative of 2*q**3/3 + q**2/2 + 158*q - 1. Determine i(f).
-23
Let u(a) = -a**3 - 6*a**2 + 4*a + 24. Let z be u(-6). Let d(n) = 4 + z - 56*n**2 + 55*n**2 + 9*n - 3. Calculate d(8).
9
Let y = -3 - 9. Let u = y + 9. Let d(l) be the first derivative of l**3/3 + 2*l**2 + l + 5. Give d(u).
-2
Let p(f) = f + 7. Suppose v - 3*v + 2*h - 2 = 0, h = -5*v - 23. Give p